. What is the greatest common factor of c and h?
13
Suppose 56*n - 78 = 53*n. What is the highest common factor of n and 299?
13
Let q = 2433 - 848. What is the highest common factor of 5 and q?
5
Let w = -60 + 104. Suppose -4*r + w + 44 = 0. Calculate the greatest common factor of r and 55.
11
Suppose 0 = -16*f + 7*f + 297. Calculate the greatest common divisor of f and 1111.
11
Suppose -13*d + 17*d - 144 = 0. Calculate the greatest common divisor of d and 96.
12
Suppose 4*a + 1068 = 4*n, 130*n - 128*n + 2*a = 538. Calculate the greatest common factor of n and 134.
134
Let t(u) be the first derivative of -9*u**2 + 6*u**2 + 5*u**2 - 10*u + 4. Let k be t(6). What is the greatest common factor of k and 21?
7
Let y = -40 - -178. What is the highest common factor of 230 and y?
46
Suppose 1512 = 114*u - 100*u. What is the highest common factor of u and 396?
36
Let z(b) = -6*b - 32. Let c be z(-6). Suppose -c*l = 5*l - 54. Calculate the greatest common divisor of l and 15.
3
Let k(a) = -a**2 - 33*a - 12. Let g be k(-28). Calculate the highest common divisor of g and 576.
64
Let v = 16 - -4. Suppose 60 - 1040 = -14*y. What is the greatest common factor of v and y?
10
Let x(m) = -60*m - 45. Let k be x(-5). Suppose 0 = k*g - 256*g + 3. What is the greatest common divisor of 24 and g?
3
Suppose 5*n + 36 = 136. Let h = -101 - -109. What is the highest common factor of h and n?
4
Suppose 0 = -4*t + 3*s + 140, -3*t - 5*s = t - 140. Suppose t = 5*m - h - 25, -26 = -m + 3*h. Calculate the highest common factor of m and 11.
11
Let g(w) = 0*w**2 + 4 + 5*w + 4*w + 3*w**2 - 6*w. Let y be g(4). Calculate the greatest common factor of y and 16.
16
Suppose 0 = 32*m - 20*m - 36. Calculate the highest common divisor of 113 and m.
1
Suppose -20*r = -23*r + 3. What is the highest common factor of r and 23?
1
Let n be 4 + 135 - (0 - 1). What is the greatest common factor of n and 224?
28
Let d = -2 - -46. Suppose -23*v = -26*v + 33. What is the highest common factor of v and d?
11
Let r(x) = -x - 9. Let g be r(-23). What is the greatest common divisor of 8 and g?
2
Let p be (-4 + 8)/((-2)/(-1)) - 143. Let a = p + 286. What is the highest common factor of a and 29?
29
Suppose -36*x + 10240 = 4*x. Calculate the greatest common divisor of 32 and x.
32
Suppose 2*i - 6 = -4*i. Let b be i/(-3 + 21/6). Suppose t = -b*t + 105. What is the highest common divisor of t and 5?
5
Let k(s) = 2 - 4*s + s**3 + 7*s**2 - 2. Let d be k(-6). Let n = 56 + -36. What is the greatest common divisor of n and d?
20
Suppose 2*k = -2*d + 34, 6*k - k = 4*d + 76. Suppose -3*o + m + 51 = -28, 5*o + m = 145. Let s = o - k. What is the highest common factor of 30 and s?
6
Suppose 15 = 5*f - 15. Let y(s) = 16*s - 8. Let b be y(f). Suppose -3*j - b = -256. What is the greatest common divisor of j and 14?
14
Suppose j = -b + 18 + 13, 4*j - 145 = 3*b. Calculate the highest common factor of 272 and j.
34
Suppose 2*o = -8, 0*w + w = -3*o - 8. Suppose -2 = -l + 2*q + 3, 2*q - 70 = -w*l. What is the greatest common divisor of 45 and l?
15
Let g = -5 + 14. Let d be 8 - (3 - 2) - -2. Calculate the highest common factor of d and g.
9
Suppose -2*d + 2*i + 160 = 0, -44*i + 48*i + 404 = 5*d. Calculate the highest common divisor of 644 and d.
28
Suppose 10*v + 262 - 1362 = 0. What is the greatest common divisor of v and 5?
5
Let m = -1541 + 1634. What is the greatest common divisor of m and 465?
93
Let k = -21 - -13. Let f be 7/(30/k - -4). What is the greatest common divisor of 4 and f?
4
Let w(v) = 14*v**2 - 2*v - 1. Let x = 11 + -6. Suppose 6 = x*o + 11. Let m be w(o). Calculate the greatest common factor of 45 and m.
15
Let g(q) = -43*q + 1156. Let r be g(0). Calculate the highest common factor of 68 and r.
68
Let p(h) = -h**2 - 7*h - 7. Suppose -18 = 3*s - 6. Let b be p(s). Calculate the highest common divisor of b and 10.
5
Suppose q - w = -31, -w - 156 = 3*q - 59. Let i be 4 + -6*q/4. What is the greatest common divisor of i and 130?
26
Let t = 138 - 226. Let s = t + 126. Let r = s + -26. Calculate the highest common factor of 12 and r.
12
Let h(u) = 2*u**2 + 6*u - 7. Let d be h(2). Let t = 70 + -31. Suppose -t = -j + d. What is the highest common divisor of j and 13?
13
Let f(p) = -4*p - 29. Let a be f(-9). What is the greatest common divisor of a and 161?
7
Let n be 18/(-225) - (-13508)/100. Let d be (3 + -2)/(1/3). Suppose -o = d*o - 60. Calculate the greatest common factor of o and n.
15
Suppose 3*c = b - 27, 0 = -2*b - 4*c + 2*c + 62. Let k(p) = p + 1. Let h be k(9). What is the highest common factor of b and h?
10
Suppose 2*f = 3*f + 2*p - 41, 2*p - 8 = 0. What is the greatest common divisor of 231 and f?
33
Suppose -38*r + 208 = -22*r. Calculate the highest common divisor of 5 and r.
1
Let o = -19 + 29. Suppose 18 = 2*b - 5*b. Let w be 6/(((-9)/b)/1). Calculate the greatest common factor of w and o.
2
Let w = -514 + 307. Let m = -81 - w. Let s(x) = -x**3 + 5*x**2 + 9*x. Let d be s(6). What is the greatest common divisor of m and d?
18
Suppose 0 = 2*x + f + 4*f - 229, -5*x = 4*f - 564. Calculate the greatest common factor of 48 and x.
16
Let f be (8*(-7)/6)/(1/(-18)). What is the greatest common factor of 420 and f?
84
Let q be (-28)/42 + 1/((-6)/(-88)). Suppose m - 46 + q = 0. What is the highest common divisor of m and 224?
32
Suppose 452*p = 470*p - 2736. What is the greatest common divisor of 836 and p?
76
Let i(t) = 38*t - 3. Let l be i(-1). Let u = -4 - l. What is the highest common factor of u and 185?
37
Let u = 477 + -321. Suppose 4*c + 49 = 4*t - 15, -8 = -t - c. Calculate the greatest common factor of t and u.
12
Suppose 26*i - 3*b + 15 = 29*i, -12 = -3*b. Let y = 1 - -2. Suppose 2*o + o + 2*x - 7 = 0, -y*x + 1 = -5*o. What is the highest common factor of i and o?
1
Let j = 601 - 598. What is the greatest common divisor of 4 and j?
1
Suppose -195 = -49*k + 50. Let p(f) = 6*f - 1. Let x be p(1). What is the greatest common divisor of x and k?
5
Suppose 121 = 5*c - 29. Let v be ((-5)/3)/((-1)/45). Calculate the greatest common factor of c and v.
15
Suppose 3*i - 14 = -2*w, w - 6*w + 60 = -5*i. Suppose 3*p - o - 16 = 0, 2*p + 3*p - w = 5*o. Calculate the highest common factor of 56 and p.
7
Suppose 5*l = 2*s + 5, l - 3*l + 11 = s. Let j be (-1 + s/10)*-22. What is the greatest common divisor of j and 77?
11
Let y(c) = -50*c + 14. Let n be y(-5). Let j = n - 11. Calculate the greatest common divisor of 23 and j.
23
Let x be 1/(-3) - ((-412)/12 + 4). Calculate the greatest common divisor of 93 and x.
3
Let w be 0 - (-8 + 10 - (1599 - 1)). Calculate the highest common divisor of w and 38.
38
Let n be (-40)/15 + 2 - 136/(-6). What is the highest common factor of 44 and n?
22
Let i(y) = -y**3 + 13*y**2 - 17*y + 65. Let v be i(12). What is the highest common divisor of 55 and v?
5
Suppose -290*g = -288*g - 3154. What is the highest common divisor of 166 and g?
83
Let v be 6/30 + (-108)/(-10). Let w = 2381 + -2370. What is the greatest common factor of w and v?
11
Let k(l) = 7*l + 96. Let f be k(-12). What is the highest common divisor of f and 384?
12
Suppose 0 = -2*t - 116 - 10. Let q be (810/t)/((-6)/28). Calculate the greatest common factor of 24 and q.
12
Let f = 182 + -119. Calculate the greatest common factor of f and 27.
9
Suppose 12*b - 9*b + 2*p - 521 = 0, -2*b + 362 = 5*p. Calculate the greatest common divisor of b and 19.
19
Suppose -2*r = -2 - 8. Suppose 0 = -3*v + r*v - 6. Suppose -2*b + 20 = 5*t - 3, -2*b - 2*t + 38 = 0. Calculate the highest common factor of b and v.
3
Suppose 4*a - 22*k = -23*k + 68, 20 = -5*k. What is the greatest common factor of 126 and a?
18
Suppose -150 = -4*s - 2*d, 3*d - 185 = -0*s - 5*s. Let v = 41 + -25. What is the highest common factor of s and v?
8
Let i be 11/((7 - 6)*(-1 - -2)). Suppose 0 = 2*l - 3*p - 267, -408 = -3*l - i*p + 8*p. Calculate the highest common factor of 27 and l.
27
Let f be ((-5)/(-2))/(-5)*2. Let b(x) = 20*x**2 + 2*x + 2. Let i be b(f). What is the greatest common factor of 5 and i?
5
Let d = 150 - 148. Suppose -572 = -z - d*v, 3*z - 2860 = -2*z + 5*v. What is the greatest common divisor of z and 52?
52
Suppose -10 = 4*n - 9*n. Suppose 16*q - n = 15*q. Suppose -q*j + 84 = j. Calculate the greatest common divisor of 70 and j.
14
Let 